1 is divided by 25?
6
What is the remainder when 3170 is divided by 79?
10
What is the remainder when 159 is divided by 23?
21
Calculate the remainder when 101 is divided by 71.
30
Calculate the remainder when 1391 is divided by 34.
31
What is the remainder when 62 is divided by 29?
4
What is the remainder when 135 is divided by 6?
3
What is the remainder when 58 is divided by 51?
7
What is the remainder when 2510 is divided by 624?
14
What is the remainder when 13 is divided by 9?
4
What is the remainder when 85 is divided by 44?
41
What is the remainder when 446 is divided by 399?
47
What is the remainder when 2605 is divided by 79?
77
What is the remainder when 61 is divided by 7?
5
Calculate the remainder when 37 is divided by 23.
14
Calculate the remainder when 936 is divided by 94.
90
What is the remainder when 38 is divided by 6?
2
What is the remainder when 1221 is divided by 405?
6
What is the remainder when 27562 is divided by 37?
34
What is the remainder when 93 is divided by 16?
13
What is the remainder when 69 is divided by 26?
17
Calculate the remainder when 3627 is divided by 19.
17
What is the remainder when 281 is divided by 57?
53
What is the remainder when 662 is divided by 40?
22
What is the remainder when 281 is divided by 26?
21
Calculate the remainder when 49 is divided by 4.
1
Calculate the remainder when 169 is divided by 17.
16
Calculate the remainder when 172 is divided by 136.
36
What is the remainder when 125 is divided by 36?
17
What is the remainder when 26340 is divided by 53?
52
What is the remainder when 912 is divided by 5?
2
Calculate the remainder when 272 is divided by 270.
2
What is the remainder when 286 is divided by 5?
1
Calculate the remainder when 210 is divided by 160.
50
Calculate the remainder when 149 is divided by 28.
9
What is the remainder when 338 is divided by 62?
28
Calculate the remainder when 355 is divided by 93.
76
What is the remainder when 898 is divided by 18?
16
Calculate the remainder when 728 is divided by 73.
71
What is the remainder when 1257 is divided by 607?
43
Calculate the remainder when 33 is divided by 11.
0
Calculate the remainder when 43 is divided by 28.
15
Calculate the remainder when 378 is divided by 20.
18
What is the remainder when 625 is divided by 21?
16
Calculate the remainder when 1629 is divided by 32.
29
What is the remainder when 513 is divided by 12?
9
What is the remainder when 536 is divided by 145?
101
What is the remainder when 27 is divided by 18?
9
What is the remainder when 79 is divided by 19?
3
What is the remainder when 8355 is divided by 220?
215
What is the remainder when 129 is divided by 15?
9
What is the remainder when 3013 is divided by 7?
3
What is the remainder when 86 is divided by 25?
11
Calculate the remainder when 1217 is divided by 16.
1
Calculate the remainder when 69 is divided by 39.
30
Calculate the remainder when 460 is divided by 31.
26
What is the remainder when 231 is divided by 8?
7
Calculate the remainder when 213 is divided by 43.
41
What is the remainder when 235 is divided by 75?
10
Calculate the remainder when 68 is divided by 31.
6
Calculate the remainder when 8030 is divided by 39.
35
Calculate the remainder when 904 is divided by 5.
4
Calculate the remainder when 479 is divided by 26.
11
What is the remainder when 5171 is divided by 199?
196
What is the remainder when 8805 is divided by 63?
48
What is the remainder when 1696 is divided by 89?
5
Calculate the remainder when 121 is divided by 25.
21
Calculate the remainder when 455 is divided by 139.
38
Calculate the remainder when 5308 is divided by 83.
79
Calculate the remainder when 290 is divided by 50.
40
What is the remainder when 160 is divided by 33?
28
Calculate the remainder when 467 is divided by 71.
41
What is the remainder when 432 is divided by 152?
128
What is the remainder when 1205 is divided by 122?
107
What is the remainder when 130 is divided by 38?
16
What is the remainder when 849 is divided by 241?
126
What is the remainder when 1324 is divided by 119?
15
What is the remainder when 22 is divided by 9?
4
Calculate the remainder when 496 is divided by 162.
10
Calculate the remainder when 1857 is divided by 391.
293
Calculate the remainder when 414 is divided by 162.
90
Calculate the remainder when 459 is divided by 115.
114
Calculate the remainder when 1210 is divided by 27.
22
What is the remainder when 206 is divided by 8?
6
Calculate the remainder when 3317 is divided by 277.
270
Calculate the remainder when 42 is divided by 17.
8
What is the remainder when 98 is divided by 58?
40
Calculate the remainder when 1801 is divided by 106.
105
Calculate the remainder when 1090 is divided by 459.
172
Calculate the remainder when 536 is divided by 62.
40
What is the remainder when 3956 is divided by 37?
34
What is the remainder when 407 is divided by 104?
95
What is the remainder when 298 is divided by 59?
3
Calculate the remainder when 348 is divided by 29.
0
What is the remainder when 278 is divided by 79?
41
Calculate the remainder when 804 is divided by 199.
8
What is the remainder when 155 is divided by 11?
1
What is the remainder when 61 is divided by 8?
5
What is the remainder when 369 is divided by 10?
9
Calculate the remainder when 84 is divided by 26.
6
Calculate the remainder when 179 is divided by 6.
5
Calculate the remainder when 153 is divided by 43.
24
What is the remainder when 26 is divided by 18?
8
What is the remainder when 279 is divided by 192?
87
Calculate the remainder when 207 is divided by 49.
11
What is the remainder when 173 is divided by 25?
23
Calculate the remainder when 40 is divided by 27.
13
What is the remainder when 489 is divided by 141?
66
What is the remainder when 215 is divided by 78?
59
What is the remainder when 11 is divided by 9?
2
What is the remainder when 444 is divided by 76?
64
Calculate the remainder when 3258 is divided by 48.
42
What is the remainder when 394 is divided by 37?
24
Calculate the remainder when 52 is divided by 36.
16
What is the remainder when 367 is divided by 104?
55
What is the remainder when 181 is divided by 39?
25
Calculate the remainder when 30323 is divided by 38.
37
What is the remainder when 18 is divided by 14?
4
What is the remainder when 127 is divided by 25?
2
Calculate the remainder when 15660 is divided by 89.
85
What is the remainder when 131 is divided by 12?
11
What is the remainder when 205 is divided by 11?
7
What is the remainder when 4435 is divided by 111?
106
What is the remainder when 586 is divided by 28?
26
What is the remainder when 188 is divided by 10?
8
What is the remainder when 165 is divided by 76?
13
Calculate the remainder when 148 is divided by 53.
42
What is the remainder when 247 is divided by 50?
47
Calculate the remainder when 1471 is divided by 212.
199
What is the remainder when 9 is divided by 2?
1
Calculate the remainder when 1482 is divided by 53.
51
Calculate the remainder when 130 is divided by 9.
4
Calculate the remainder when 9113 is divided by 106.
103
What is the remainder when 613 is divided by 335?
278
What is the remainder when 2157 is divided by 2?
1
Calculate the remainder when 1579 is divided by 392.
11
Calculate the remainder when 236 is divided by 29.
4
Calculate the remainder when 474 is divided by 16.
10
Calculate the remainder when 166 is divided by 10.
6
What is the remainder when 86 is divided by 44?
42
Calculate the remainder when 29 is divided by 21.
8
What is the remainder when 61 is divided by 27?
7
Calculate the remainder when 2058 is divided by 71.
70
Calculate the remainder when 442 is divided by 68.
34
What is the remainder when 1268 is divided by 176?
36
What is the remainder when 28 is divided by 24?
4
What is the remainder when 3778 is divided by 90?
88
What is the remainder when 53 is divided by 11?
9
Calculate the remainder when 17 is divided by 4.
1
What is the remainder when 96 is divided by 11?
8
Calculate the remainder when 2118 is divided by 1056.
6
What is the remainder when 30 is divided by 10?
0
Calculate the remainder when 78 is divided by 30.
18
Calculate the remainder when 32 is divided by 29.
3
What is the remainder when 3597 is divided by 90?
87
What is the remainder when 1519 is divided by 20